et g(p) = 4 - a - 4 - 4*p - p**2. Determine g(-4).
-4
Let r(g) = 2*g - 1 + 4 - 5. Let q be (((-108)/42)/(-3))/(4/(-14)). Determine r(q).
-8
Let f(t) be the first derivative of -2*t**3/3 + 3*t**2/2 - t - 417. Calculate f(4).
-21
Suppose -33 = -5*l - 3. Suppose 0 = 5*z + z - 6. Let j(m) = 2*m**3 - 4*m**3 + 3*m - 2*m + 3*m**3 - 6*m**2 - z. Calculate j(l).
5
Let u(k) be the second derivative of k**3/3 - 3*k**2 - 14*k. Suppose -t + 3*t = 5*o - 8, 4*o = 4*t - 8. Suppose -6 - t = -3*b. Give u(b).
2
Suppose 0 = -2*d - 2 - 0. Let j(z) = z + 1. Let n(r) = 2. Let v(w) = -2*j(w) + n(w). Give v(d).
2
Let z(x) = 5 - 15*x - 17*x + 35*x - 4 - 10*x. Give z(4).
-27
Let l(u) = 3*u**3 - 4*u + 3 + 27352*u**2 - 27352*u**2. Determine l(2).
19
Let u = -11 + 11. Suppose 2*m - 2*y - 18 = 2*y, u = -4*m + 5*y + 33. Suppose -m = a + 5*n + 12, 4*n = -5*a - 53. Let p(i) = -i - 6. What is p(a)?
3
Let o(y) = 102 - 9*y - 74 + 14*y - 9*y. Give o(8).
-4
Let a(i) = i**3 + 12*i**2 + 17*i - 18. Let x be a(-8). Let n = 111 - x. Let k(o) = -o + 4. Calculate k(n).
-5
Let m = -18 - -34. Suppose 3*j + m - 7 = 0. Let l(g) = -g**3 - 4*g**2 - 3*g + 4. Calculate l(j).
4
Suppose -15 = -2*i + 5*i. Let r(f) = 0*f**3 + 2*f**3 + 4*f**2 + 0*f**3 - f**3 - 1 - 4*f + 0*f**3. Determine r(i).
-6
Let t(h) be the second derivative of h**3/2 - 35*h**2/2 - 46*h. Calculate t(13).
4
Let a(z) be the second derivative of 0 - z**3 - 36*z + 1/20*z**5 + 3*z**2 + 5/12*z**4. Give a(-6).
6
Let u(t) = -6*t - 151. Let g be u(-26). Suppose 40 = 4*m - 2*k, 0*k - 4*k - 44 = -4*m. Suppose g*q - 4 = m*q. Let j(p) = -5*p. Determine j(q).
5
Let n(q) = 7*q + 1. Let l(f) = -1. Let d(t) = 17*t + 1. Let y(s) = -2*d(s) + 2*l(s). Let z(k) = -14*n(k) - 3*y(k). What is z(3)?
10
Let x(d) = -d**2 + 14*d + 27. Suppose 6*p - 38 = 4*p - 3*u, 3*p + 3*u = 54. Determine x(p).
-5
Let u(q) = -25*q + 12*q - 1 + 11 + 11*q. Determine u(7).
-4
Let c = 171 + -175. Let n(o) = o**3 + 4*o**2 + o + 2. Determine n(c).
-2
Let u(s) = -s**3 - 5*s**2 - 4*s - 2. Let q = 38 - -3. Let v = q + -21. Suppose v = a - 6*a. Determine u(a).
-2
Let o = -23 - -27. Suppose 0 = -0*t + t - o. Suppose -5*x = 25, -6*m + t*x + 10 = -m. Let s(d) = 4*d + 2. Determine s(m).
-6
Suppose -26*k = -3*n - 21*k + 26, 0 = -n - 3*k + 18. Let c(t) = -t**3 + 13*t**2 - 7*t - 16. Calculate c(n).
44
Suppose -8*c - 4*c = -60. Suppose 5*m - 8 = 2. Let z(f) = -4*f + 2*f**2 + f - c*f**m + 2*f**2 + 2. What is z(-3)?
2
Suppose 24 = 56*p - 59*p. Let g(x) = -2*x - 17. Calculate g(p).
-1
Suppose -4*s + 100 = 4*d, -d - 5*s - 55 = -2*d. Let i(w) = 0*w**3 + w**2 - d - 4*w**3 + 18 + 3*w**3. What is i(0)?
-12
Suppose 14*w = 4*w + 20. Let h(d) be the third derivative of d**3 - 1/60*d**5 + 7*d**w - 1/12*d**4 + 0 + 0*d. Determine h(-5).
-9
Let o(z) = -2*z**3 - 10*z**2 - 73*z + 26. Let a(b) = -b**3 - 3*b**2 - 37*b + 13. Let s(p) = 7*a(p) - 4*o(p). Determine s(-17).
4
Let t(u) = 6*u**2 - 3*u + 2 + 1 + u**2 - 9*u**2. Let n = 4 - 7. Determine t(n).
-6
Let m(k) = -1. Let v(o) = o**2 - 6*o - 11. Let w(b) = -2*m(b) - v(b). Let f be 8*(-3 + 4)/1. Let s be w(f). Let h(p) = -p**3 - 3*p**2. Determine h(s).
0
Let y(z) = 3*z - 22. Let x(k) = 2*k - 16. Let m(f) = 4*x(f) - 3*y(f). Calculate m(10).
-8
Let r = 189 - 189. Let h(o) = -o**2 + 2*o + 1. Determine h(r).
1
Suppose y = -90 + 86. Let q(g) = -g**2 - 3*g + 9. Calculate q(y).
5
Let g(o) = o**2 + 9*o + 10. Let z be g(-8). Let c(j) = 7*j**3 - 2*j**2 + j + 3. Give c(z).
53
Let d(o) = o**3 + o**2 + 8. Let k be d(0). Let m = -7 + k. Let j(c) = -13*c + 3*c**2 + 9*c + 5*c. Calculate j(m).
4
Let p be (-12 + 5 + -4 + -4)/(-3). Let r(l) be the third derivative of 2/3*l**3 + 1/60*l**p - 1/12*l**4 + 0 - 6*l**2 + 0*l. Calculate r(4).
12
Let b(q) = 15*q - 18. Let v(t) = -t + 1. Let c(a) = b(a) + 18*v(a). Suppose -5*y = -3*y - 2. Give c(y).
-3
Let w(b) be the second derivative of 2*b**4/3 - b**3/6 - b**2 - 162*b + 2. What is w(-1)?
7
Let z(j) be the second derivative of j**4/4 - j**3/6 + 2*j**2 + 12*j. Give z(3).
28
Let y(d) = -9*d - 44 + 45 - 3. Determine y(-3).
25
Let h(z) = 26*z + 2. Let d be h(1). Let n(t) = 0*t + t + d - 42. Calculate n(7).
-7
Let z(i) = -4*i**3 + 6*i**2 + 5. Let u be -1*15/(-7 - -2). Let h(j) = -5*j**3 + 7*j**2 + j + 6. Let q(b) = u*h(b) - 4*z(b). Calculate q(2).
0
Suppose 34*i - 142 - 28 = 0. Let d(p) be the third derivative of 0 + 0*p + 1/120*p**6 + 4*p**2 - 5/6*p**3 - 1/24*p**4 - 1/15*p**i. What is d(4)?
-9
Let a(q) = 3. Suppose -7 - 5 = 4*o. Let r(x) = -x + 7. Let y(v) = o*r(v) + 5*a(v). Give y(5).
9
Let i(f) = -2*f**3 - 3*f + 8. Let z(u) be the first derivative of u**4/4 + u**2 - 4*u - 5. Let h(y) = -3*i(y) - 5*z(y). Let c be (-1)/3 - (-1)/3. What is h(c)?
-4
Let x(p) = -p - 1. Let d(c) = -10*c - 10. Let t(g) = 2*d(g) - 22*x(g). Let n(f) = f + 14. Let v be n(-11). Give t(v).
8
Suppose -3*h = h - 8. Let a be -2*5/(-5)*h. Suppose 4*m + 13 = 5*z, a*m + 5*z - 27 = 2*z. Let l(c) = c. Give l(m).
3
Let h = 6 + -5. Let p be (1/2*-4)/h. Let r(q) be the first derivative of 4*q**3/3 + 2*q**2 + 2*q - 2. Determine r(p).
10
Let r(p) = p**2 - 12*p + 17. Suppose 2*z = -z + 27. Give r(z).
-10
Suppose 19*q + 281 = 338. Let s(l) be the third derivative of -1/6*l**q + 0 + 7*l**2 + 0*l**5 + 0*l + 1/12*l**4 + 1/120*l**6. What is s(-2)?
-13
Suppose -1 + 15 = 2*z - 4*n, 3*z - 4*n - 17 = 0. Let l be (2/1)/2 - (z + -4). Let m(k) = -k**3 + k - 1. Determine m(l).
-7
Let b(v) be the first derivative of 5*v**2/2 + v + 1. Suppose -368*p + 28 = -375*p. Give b(p).
-19
Let v(o) = o**3 - 6*o**2 + 9*o - 5. Let s be v(3). Let j(b) = 3*b**3 + b**3 - 3*b**3 - 3*b + 4*b**2 + 5. Calculate j(s).
-5
Suppose -5*i + 5*u = -35, i + i = -4*u + 38. Let h(z) = -5*z**2 - 56*z - 6. Let q(n) = n**2 + 11*n + 1. Let p(d) = i*q(d) + 2*h(d). Calculate p(-8).
-9
Let a be (-1 + -1)*(189/14 + -8). Let n(s) = -s**2 - 14*s + 12. Give n(a).
45
Suppose -546 + 554 = 4*v. Let r(t) = -15*t - 13. Let f(y) = -8*y - 7. Let a(l) = -11*f(l) + 6*r(l). Calculate a(v).
-5
Let c(r) = 2*r**3 + 7*r**2 + 9*r - 80 + 76 - 3*r**3. Determine c(8).
4
Let u = -692 + 694. Let l(c) be the first derivative of 1/3*c**3 + 0*c**u + 1 - 3*c - 1/4*c**4. Determine l(0).
-3
Suppose 0 = 5*g - 0*g - 30. Let z = 0 - -2. Let o(x) = 2*x**2 - 4*x**z + x**3 - g - 2*x - 4*x**2. Give o(6).
-18
Let g(f) = -4*f**2 + f - 37 + 2*f + 17 + 17. Give g(1).
-4
Let m(n) = -4*n - 4*n**2 + 0 - 3 - 1 + 5*n**2. Let b = 48 + -42. Calculate m(b).
8
Let h(g) = 28*g + 31*g + 27*g - 84*g - 5. Suppose 15 - 7 = 2*b. Determine h(b).
3
Let i(o) be the second derivative of -o**3/6 + o**2 - 2*o. Suppose 190*c - 182*c = 32. Give i(c).
-2
Let o(m) be the third derivative of m**6/20 + m**4/24 + m**3/6 + 10*m**2 - 2*m. Determine o(-1).
-6
Let u(h) = 3*h**2 - 2*h. Let v be u(-1). Let a(q) be the first derivative of q**2/2 - 4. Determine a(v).
5
Let k = -8 - -13. Suppose -2*g + g + k = 0. Let t(h) be the second derivative of -h**4/12 + 5*h**3/6 - 3*h**2/2 - h. Give t(g).
-3
Let i(w) = -w**2 + 3*w. Let q = -20 - -33. Suppose -p + q = -2*d, 4*d - 2*d + 1 = -3*p. Let m = p + 0. Give i(m).
0
Let i be -3 + 4 + (-5)/10*10. Let p(r) = -2*r**2. What is p(i)?
-32
Let f = 2 + -7. Let l(n) = n**2 + 6*n + 1. Let v be l(f). Let t(i) be the third derivative of i**5/60 + i**4/8 + i**3/3 - 5*i**2. Calculate t(v).
6
Let d = -9 - -14. Let t(c) be the first derivative of -5/3*c**3 + 1/4*c**4 + 4 + 0*c + c**2. Give t(d).
10
Let u(c) = -7*c - 15 + 16*c - 8*c + c**2. Let i be u(3). Let j(y) = -1 + 4*y**2 + y**3 + 3*y + 0*y**3 + 0*y. Determine j(i).
-1
Let t(s) = -4*s**2 - 1. Let m(k) = -k. Let b(x) = -4*x**2 - 5*x - 1. Let z(n) = b(n) - 4*m(n). Let v(u) = 3*t(u) - 2*z(u). What is v(2)?
-13
Let a(k) = -k**2 - 7*k - 3. Let c be a(-5). Let h be (-33)/(-6) + -6 - c/(-2). Let o(z) = z**3 - 4*z**2 + 4*z + 1. Calculate o(h).
4
Let d(o) = -4. Let s(u) = -5. Let g(b) = -4*d(b) + 3*s(b). Let t(c) = -c**3 + 7*c**2 + 8*c + 9. Let n(p) = 3*g(p) - t(p). Calculate n(8).
-6
Let l(d) be the first derivative of -d**3/3 - 4*d**2 + 11*d - 133. Calculate l(-8).
11
Let j(r) = r**3 - 2*r**2 - 4*r + 1. Let b(f) = -f**2 + 7*f - 6. Let n be b(5). Let z(i) = 3*i - 12. Let s be z(n). Suppose 4*y - 9*y + 15 = s. What is j(y)?
-2
Suppose -2*r - 10 = -3*r. Let z(p) = -p**2 + 11*p - 9. Calculate z(r).
1
Let y(n) = 9*n - 8. Let q(l) = 